umber?
False
Is 8948021 a prime number?
True
Is 96537851 a composite number?
False
Is 77032481 prime?
False
Is 421337281 prime?
False
Is 2965301 a prime number?
False
Is 339241127 a prime number?
False
Is 43032071 a composite number?
True
Is 585806147 a prime number?
True
Is 43235099 a prime number?
False
Is 4037489 prime?
False
Is 183767081 composite?
True
Is 847877 a composite number?
True
Is 70241263 composite?
True
Is 9095861 composite?
True
Is 49352299 composite?
True
Is 49846561 a prime number?
True
Is 422911 a composite number?
False
Is 363480467 a composite number?
True
Is 1430257 composite?
True
Is 6790477 prime?
False
Is 9092645 prime?
False
Is 7542511 a composite number?
True
Is 168194443 a prime number?
False
Is 9718361 prime?
True
Is 200634803 a prime number?
True
Is 249111553 a prime number?
False
Is 64063103 a composite number?
True
Is 1032917 composite?
True
Is 187614937 composite?
True
Is 615101 composite?
False
Is 263486 prime?
False
Is 533509 composite?
False
Is 4994981 a composite number?
False
Is 8344111 a prime number?
False
Is 4820533 composite?
False
Is 5279361 a composite number?
True
Is 18406571 a composite number?
False
Is 3259177 a composite number?
False
Is 124692531 a composite number?
True
Is 343483369 a composite number?
True
Is 5730107 composite?
True
Is 3171731 composite?
False
Is 53170181 a composite number?
True
Is 698641211 a prime number?
True
Is 144037319 composite?
False
Is 63223 prime?
False
Is 98915423 a composite number?
True
Is 204977677 a prime number?
True
Is 20890511 prime?
True
Is 2069489 a prime number?
True
Is 212974 composite?
True
Is 1156483 composite?
False
Is 176653 a prime number?
False
Is 302967221 composite?
False
Is 5379485 a composite number?
True
Is 14945155 a prime number?
False
Is 7314347 prime?
False
Is 6503923 composite?
False
Is 75001 a composite number?
True
Is 54186679 a composite number?
True
Is 8728987 composite?
False
Is 2578757 a composite number?
False
Is 26107649 a prime number?
True
Is 29633789 prime?
False
Is 87201181 prime?
False
Is 2169809 composite?
True
Is 19556861 a composite number?
False
Is 802421 a prime number?
True
Is 27431161 a composite number?
False
Is 3186899 prime?
True
Is 11461777 prime?
False
Is 522811 a prime number?
True
Is 22105789 prime?
False
Is 109470833 prime?
True
Is 142734521 prime?
True
Is 36492441 prime?
False
Is 175083169 a prime number?
True
Is 68265833 a composite number?
False
Is 16537057 a composite number?
False
Is 3399443 prime?
True
Is 23051477 composite?
True
Is 4518562 composite?
True
Is 2825047 a composite number?
False
Is 1164406 prime?
False
Is 129334223 a composite number?
False
Is 933497 composite?
False
Is 121743287 a composite number?
False
Is 5241239 a composite number?
False
Is 5066179 prime?
False
Is 647233 prime?
False
Is 42083339 composite?
False
Is 1594387 a composite number?
False
Is 32965637 a prime number?
True
Is 612187421 prime?
True
Is 290735 a composite number?
True
Is 124624139 prime?
True
Is 3118657 prime?
True
Is 304091311 prime?
True
Is 77700317 prime?
True
Is 9569183 prime?
False
Is 24557753 prime?
False
Is 202595795 prime?
False
Is 659809 composite?
True
Is 13671247 a prime number?
False
Is 29537867 a composite number?
False
Is 403037 prime?
True
Is 5138329 prime?
False
Is 9941189 prime?
True
Is 12193139 prime?
False
Is 114888359 composite?
True
Is 49032419 composite?
True
Is 39914669 a prime number?
True
Is 546061 a composite number?
True
Is 260814877 a prime number?
False
Is 38160487 composite?
True
Is 39923146 a prime number?
False
Is 167070751 prime?
True
Is 2093041 a prime number?
True
Is 2769383 a prime number?
False
Is 4135081 a prime number?
False
Is 62461 a composite number?
True
Is 636719 a prime number?
True
Is 15306287 prime?
False
Is 185735777 a prime number?
True
Is 77069 a prime number?
True
Is 20409331 a composite number?
False
Is 82635167 prime?
True
Is 227729 prime?
True
Is 4029751 prime?
False
Is 22385621 prime?
True
Is 14232749 prime?
True
Is 58875247 a composite number?
False
Is 3152891 a composite number?
True
Is 490723 a composite number?
True
Is 40309 composite?
True
Is 7435457 composite?
False
Is 4928395 a prime number?
False
Is 4327961 composite?
True
Is 39762637 prime?
False
Is 21489697 a composite number?
False
Is 7381141 prime?
True
Is 3719309 a composite number?
True
Is 7708651 a composite number?
False
Is 1935126263 composite?
True
Is 26943817 a composite number?
True
Is 48795169 a prime number?
False
Is 91997705 a prime number?
False
Is 513154 a composite number?
True
Is 3198713 prime?
False
Is 341320403 a composite number?
False
Is 4950499 a prime number?
True
Is 144666049 a prime number?
False
Is 787913 a composite number?
True
Is 67391953 a prime number?
True
Is 194540303 a composite number?
False
Is 4898353 a composite number?
True
Is 5486353 prime?
True
Is 5510887 composite?
True
Is 3212285 composite?
True
Is 44542439 a composite number?
True
Is 6537941 prime?
True
Is 730218721 composite?
False
Is 76483751 a composite number?
False
Is 2766511 a composite number?
True
Is 20568311 prime?
True
Is 13567583 a composite number?
False
Is 2682131 prime?
True
Is 3749527 composite?
False
Is 573946 composite?
True
Is 21424943 prime?
True
Is 2768177 a prime number?
True
Is 4329649 a prime number?
True
Is 9076915 a prime number?
False
Is 137440529 composite?
True
Is 76860647 a composite number?
False
Is 314563 composite?
True
Is 443215 a prime number?
False
Is 575285 a composite number?
True
Is 16469227 composite?
False
Is 16471193 a composite number?
True
Is 7554265 prime?
False
Is 95333 a prime number?
False
Is 6125257 a prime number?
True
Is 211300541 a prime number?
True
Is 1256107 a prime number?
True
Is 12778939 composite?
True
Is 2741647 a prime number?
False
Is 2762909 composite?
False
Is 13379411 a composite number?
True
Is 152692489 a composite number?
False
Is 840451 prime?
True
Is 476807 composite?
True
Is 163530643 composite?
True
Is 75928345 a composite number?
True
Is 129733147 a prime number?
True
Is 8353 prime?
True
Is 15046681 prime?
False
Is 656165707 prime?
True
Is 10383467 a prime number?
True
Is 5788151 a prime number?
True
Is 21424367 composite?
False
Is 15604939 prime?
False
Is 15639691 prime?
True
Is 53794771 composite?
False
Is 18078121 a composite number?
False
Is 102414431 prime?
False
Is 252436777 composite?
True
Is 2657527 a composite number?
False
Is 33323033 a composite number?
False
Is 3509767 a prime number?
False
Is 261002917 prime?
False
Is 35333269 a prime number?
True
Is 24315263 composite?
True
Is 69018619 prime?
True
Is 1191761 prime?
True
Is 1031549 a prime number?
True
Is 40130893 a prime number?
False
Is 3204865 composite?
True
Is 38849906 prime?
False
Is 16037981 composite?
True
Is 127841191 a composite number?
True
Is 1864739 a prime number?
True
Is 224102153 composite?
True
Is 45284779 a composite number?
False
Is 700795 a prime number?
False
Is 49559 a composite number?
False
Is 267993883 a composite number?
False
Is 8355317 a prime number?
False
Is 1268149 a prime number?
False
Is 54749839 a composite number?
True
Is 107267971 a prime number?
True
Is 2488243 composite?
True
Is 58420057 a prime number?
True
Is 2953357 a composite number?
True
Is 8719567 a composite number?
False
Is 24700231 a composite number?
False
Is 122211877 composite?
False
Is 235661367 composite?
True
Is 146958359 a composite number?
False
Is 19309651 composite?
False
Is 62028157 a composite number?
True
Is 1055132405 composite?
True
Is 44390429 prime?
True
Is 4665449 a prime number?
True
Is 2953207 prime?
True
Is 19642801 a composite number?
False
Is 10385203 a prime number?
True
Is 126730327 composite?
False
Is 1969333 prime?
False
Is 5111657 a composite number?
True
Is 401138 composite?
True
Is 7082407 composite?
True
Is 9413783 composite?
True
Is 58189 a composite number?
False
Is 58009163 prime?
True
Is 35025761 composite?
True
Is 6757577 prime?
False
Is 23442877 a prime number?
True
Is 2402639 prime?
True
Is 4751599 composite?
False
Is 950149 a composite number?
False
Is 8949419 a prime number?
True
Is 332707 composite?
True
Is 828710453 a composite number?
False
Is 305869579 a composite number?
False
Is 2038693 prime?
True
Is 38248417 a prime number?
Fa